rs of a.
3
Let l = 1012 - 599. What are the prime factors of l?
7, 59
Let o = 5961 + -3414. List the prime factors of o.
3, 283
Let x(h) = -h**3 - 14*h**2 + 12*h - 101. List the prime factors of x(-18).
11, 89
Let s(y) be the third derivative of y**5/30 - y**4/12 - 2*y**3 + 2*y**2. List the prime factors of s(6).
2, 3
Let f(d) = -15 - 4 - 13*d + 15*d + 11*d. List the prime factors of f(7).
2, 3
Suppose 33275 + 6163 = 7*o. What are the prime factors of o?
2, 3, 313
Let v = 749 + 56. List the prime factors of v.
5, 7, 23
What are the prime factors of -87*14/9*72/(-28)?
2, 3, 29
Let j be ((-12)/(-9))/((-2)/(-54)). Let k = j + -1. What are the prime factors of (-97)/(-5) + 21/k?
2, 5
Let q = 148 - 245. Let p = 170 + q. What are the prime factors of p?
73
Suppose -2*j - 66*x + 4995 = -65*x, -5*x = -4*j + 9955. List the prime factors of j.
5, 499
Let u(k) = k**2 + 8*k - 9. Let w be u(-13). Let p = w + -99. Let l = p + 80. What are the prime factors of l?
37
Let o(q) = 33 - q - 2*q - 32 + q**2. Let v = -2 - 1. List the prime factors of o(v).
19
Let u = 16 + -1. Suppose -2651 = -u*b + 1504. What are the prime factors of b?
277
Let t(b) = b**2 - 6*b - 7. Let d be t(7). Let g(x) = x + 5. Let f be g(d). Suppose -24 = -f*l + 3*l. List the prime factors of l.
2, 3
Let o be (-7)/(28/(-6))*16. Suppose 14*w - o*w = -960. List the prime factors of w.
2, 3
Let m = 1555 - 845. Suppose -5*u + 4*f + 0*f + 1186 = 0, -3*u + 2*f = -m. What are the prime factors of u?
2, 3, 13
Let h be 8/2 - 3 - -15. Suppose -39 - h = -z. Suppose -z = -5*b + 50. What are the prime factors of b?
3, 7
Let b(g) = 7*g**2 + 3*g + 12. What are the prime factors of b(14)?
2, 23, 31
Suppose -5*f = -33 + 8. Suppose f*j = -t - 0*t + 48, t = 4*j + 39. List the prime factors of t.
43
Suppose -4*s - 6 = 5*r, -4*s - 5*r - 2 = -s. Let m(u) = u**3 + 7*u**2 + 2*u - 6. List the prime factors of m(s).
2, 17
Let i = 374 + -237. What are the prime factors of i?
137
Suppose -2*s + 3*d = -2974, -2*s + 586 + 2388 = 4*d. List the prime factors of s.
1487
Let c(p) = -p**2 + 3*p + 20. Let v be c(6). Suppose 0 = u - v*l + 3*l - 69, 3*l + 123 = 2*u. What are the prime factors of u?
2, 3, 11
Suppose 0*u + 3*u - 435 = 0. Suppose -s - 2*q + 65 = 0, u = 3*s + 5*q - 53. List the prime factors of s.
71
Let i = -1327 + 1907. List the prime factors of i.
2, 5, 29
Let x = -232 - -355. List the prime factors of x.
3, 41
Let x = -85 + 292. List the prime factors of x.
3, 23
Suppose -3*j + 2*z + 539 = 130, 429 = 3*j + 3*z. Let d = 260 - j. List the prime factors of d.
11
Let v(m) = m**3 - 16*m**2 + 17*m - 25. What are the prime factors of v(15)?
5
Suppose 2*o + 10 - 4 = 0. List the prime factors of (-24 - (1 + o))/(1/(-4)).
2, 11
Let d(x) = 2*x**2 - 17*x + 111. List the prime factors of d(8).
103
Let l = 42 - 42. What are the prime factors of 132/(-7)*(l + -7)?
2, 3, 11
Let r = -49 + 25. What are the prime factors of ((-95)/(-10) - 2)*r/(-2)?
2, 3, 5
Let v(m) = 17*m**2 + 2*m - 5. Let z(a) = -8*a**2 - a + 2. Suppose 27 - 2 = -5*b. Let k(t) = b*z(t) - 2*v(t). List the prime factors of k(-2).
2, 11
What are the prime factors of (-377455)/(-104) + (-9)/24?
19, 191
List the prime factors of 3905/22*(5 - 1).
2, 5, 71
Let y(v) = 4*v**2 + 24*v - 2. Let h be y(-7). Suppose -21*m = -h*m + 475. What are the prime factors of m?
5, 19
Let d(r) = r**3 + 5*r**2 + r - 4. Let v(z) = -2*z**2 + 5*z + 4. Let o be v(-1). List the prime factors of d(o).
11
Suppose 4*z - 4423 = 5*t, -z - 4*t = 273 - 1405. List the prime factors of z.
2, 139
Let p be (-40)/(-12)*(-3 + 0). Let k be p*-3*(-3)/(-18). What are the prime factors of 12/k*60/18?
2
Let m(l) = 3*l - 3. Let x be 3*12/(-9) - -4. Let v be m(x). Let s = 31 - v. What are the prime factors of s?
2, 17
What are the prime factors of -8 - (-2671 - (3 - 4))?
2, 11
Let y(j) = 68*j + 16*j - 24*j. List the prime factors of y(4).
2, 3, 5
Suppose s - 15 = -3*l, -5*s - l - 4*l = -35. Let i(x) = x - 1. Let f be i(s). Suppose 3*t - 2*p = 58, f*t - 68 = -2*t + 5*p. What are the prime factors of t?
2, 11
Let z(d) = -3*d**3 + d**2 - 4*d - 6. Let m be z(-3). Suppose 362 - m = 7*q. List the prime factors of q.
2, 19
Let q be (-1 - 9)/(6/(-15)). Let g be (-10)/4*(-710)/q. Let s = 105 - g. What are the prime factors of s?
2, 17
What are the prime factors of (-151)/(-1) - (0 + 5)?
2, 73
What are the prime factors of (-2773)/(-4) - 119/(-68)?
5, 139
Suppose -5*z + 10 = -3*w, 3*z + z + 5*w = 45. Suppose 10*g + z = 5*g. List the prime factors of g + 0 - (-2 - 48).
7
Let a(y) = -y - 8. Let p be a(6). Let v = p - -20. List the prime factors of 4/((-16)/(-28))*v.
2, 3, 7
Suppose -2*a + 9 = n + 1, -14 = -5*a - n. Let z be -21*-4*a/12. List the prime factors of (0 - -1)/(z/420).
2, 3, 5
Suppose -2*j + 1 - 3 = -3*v, 3*j + 3 = 3*v. Suppose 5*a - 95 - 140 = v. What are the prime factors of a?
47
Suppose -7*b + 2*b - 48 = -h, -b = -1. Let s = h + -38. List the prime factors of s.
3, 5
Suppose 6*h - 20 = -2. Suppose -h*n = 2*n + 40. What are the prime factors of (-210)/n + (-1)/4?
2, 13
Let c = -28 + 32. List the prime factors of (-6 + c - -1)*-167.
167
Let h be (4/(-8))/((-1)/10). Let g = 0 + h. Suppose -3*d + 80 - g = 0. List the prime factors of d.
5
Suppose -3*i - 5*w = i - 2181, 1085 = 2*i - 3*w. Let c = 826 - i. List the prime factors of c.
2, 3, 47
Suppose -142 = -4*d + 1886. What are the prime factors of d?
3, 13
Let v be 8/(-40)*(-1 + -9). Suppose -4*k + 5*p + 20 = 0, -v*p = 5*k + 6 + 2. Suppose -3*m + w + 191 = k, -8*w - 244 = -4*m - 4*w. List the prime factors of m.
5, 13
Let g be ((-2092)/6 - (-8)/(-24)) + -4. Let w = -165 - g. List the prime factors of w.
2, 47
Let i be -1*12/(-4) - 0. Suppose 2*j + 58 = 2*o - 2*j, i*o + 5*j - 98 = 0. Suppose -c = -o - 12. What are the prime factors of c?
43
Let q(d) = 144*d**2 - 2*d - 1. Let p be q(-1). Suppose -12*u = -7*u - p. List the prime factors of u.
29
Let z(w) be the first derivative of w**3/3 - 7*w**2/2 - 30*w - 14. What are the prime factors of z(-6)?
2, 3
Suppose 0 = -2*i + 1284 + 1240. List the prime factors of i.
2, 631
Suppose 2*r + 294 = 4*v - r, 5*v = -4*r + 383. List the prime factors of v.
3, 5
Let w be 8*(-3)/(2*-3). Let j be 3 - w/2 - -6. Suppose 0 = -4*y - 5*i + 41 + j, 0 = -y - 5*i + 27. What are the prime factors of y?
7
Let g(s) = s**3 + 7*s**2 + 5*s + 8. Let v be g(-6). Suppose 0 = -f - 7*o + 3*o + v, -4*f + 2*o = -38. Suppose -f = -y + 33. List the prime factors of y.
43
Let t be (-1 + (-36)/(-2))*2. Let u = t + -21. List the prime factors of u.
13
Let v = 1 - -1. Suppose -3*r + v*h = -6*r - 48, 33 = -2*r - h. Let x = r + 51. List the prime factors of x.
3, 11
Suppose p = 5*p + 12. List the prime factors of (p/(-2))/(10/40).
2, 3
Let t(w) = w**3 + 28*w**2 - 31*w + 13. List the prime factors of t(-29).
71
Let m = -140 - -201. Let u = m - 29. Let g = u - 19. List the prime factors of g.
13
Suppose 7*x = 119 + 56. Let o be 67/5 + (-10)/x. Suppose 8*q + 280 = o*q. List the prime factors of q.
2, 7
What are the prime factors of (2/(-3) + 1)/(85/57885)?
227
Let u = -26 - -661. What are the prime factors of u?
5, 127
Let p(y) = -y**3 + 8*y**2 + 13*y + 3. Let j be p(9). Let g = 38 + j. What are the prime factors of g?
7, 11
Let o be 16/(-20) + (-356)/5. Let i = 127 + o. List the prime factors of i.
5, 11
Let c = 19 - 23. Let k(r) = r. Let u(d) = -47*d**3 + 3*d - 1. Let y(m) = c*k(m) + u(m). List the prime factors of y(-1).
47
Suppose 7*j + 138 = 82. Let d(c) = -7*c + 3. List the prime factors of d(j).
59
Let k(x) = 11*x**3 - 5*x + 1. Let h(r) = r**2 - 4*r - 10. Let g be h(6). List the prime factors of k(g).
79
Let c(s) = s**2 + 8*s + 7. Let q be c(-7). Suppose -183 = 3*v + 3*j, q*v + v + 41 = 3*j. Let k = v + 109. What are the prime factors of k?
53
Let z(s) = -s**2 - 12*s + 2. Let h = -12 + 15. Let b(k) = k**2 - 6*k - 1. Let x be b(h). What are the prime factors of z(x)?
2, 11
What are the prime factors of 135/90*(1493 - (-2)/2)?
3, 83
Let y = -29 + 30. List the prime factors of (y/((-2)/(-38)))/1.
19
Let j(y) = y**3 + 7*y**2 - 2*y - 14. Let g be j(-7). Suppose 3*h - 102 - 21 = g. List the prime factors of h.
41
Let m be (-36 - -4)*10/16*-10. Suppose -j - 3*b = -6*j + m, 4*j - 143 = -b. What are the prime factors of j?
37
Let m = 6822 - 4870. What are the p